{"id":177,"date":"2017-09-26T18:55:08","date_gmt":"2017-09-26T18:55:08","guid":{"rendered":"http:\/\/bmwahl.thomas-schaefer.de\/?page_id=177"},"modified":"2019-02-17T10:06:23","modified_gmt":"2019-02-17T10:06:23","slug":"finanzen-verwaltung","status":"publish","type":"page","link":"http:\/\/bmwahl.thomas-schaefer.de\/?page_id=177","title":{"rendered":"Finanzen &#038; Verwaltung"},"content":{"rendered":"<p><img loading=\"lazy\" class=\"wp-image-433 alignleft\" src=\"http:\/\/bmwahl.thomas-schaefer.de\/wp-content\/uploads\/2017\/10\/gewst-einnahmen-300x112.jpg\" alt=\"\" width=\"812\" height=\"303\" srcset=\"http:\/\/bmwahl.thomas-schaefer.de\/wp-content\/uploads\/2017\/10\/gewst-einnahmen-300x112.jpg 300w, http:\/\/bmwahl.thomas-schaefer.de\/wp-content\/uploads\/2017\/10\/gewst-einnahmen-768x286.jpg 768w, http:\/\/bmwahl.thomas-schaefer.de\/wp-content\/uploads\/2017\/10\/gewst-einnahmen-1024x381.jpg 1024w, http:\/\/bmwahl.thomas-schaefer.de\/wp-content\/uploads\/2017\/10\/gewst-einnahmen.jpg 1450w\" sizes=\"(max-width: 812px) 100vw, 812px\" \/><\/p>\n<p>Die Gemeinde Hemmingen ist finanziell immer noch gut aufgestellt &#8211; ABER: <strong>Die Zeiten von stattlichen Gewerbesteuerzahlungen haben sich leider grundlegend ge\u00e4ndert<\/strong>. Durch den Wechsel in der Eigent\u00fcmer-Struktur bezahlt der vormals gr\u00f6\u00dfte Gewerbesteuerzahler seine Steuern gro\u00dfteils mittlerweile woanders und der <strong>Anteil an der Einkommenssteuer<\/strong> ist zwischenzeitlich die <strong>gr\u00f6\u00dfte Einnahmequelle<\/strong> geworden.<br \/>\nViele wichtige Dinge konnten in der Gemeinde bereits umgesetzt und finanziert werden. <strong>Energetische Sanierungen<\/strong> wurden vorgenommen, um auch nachhaltig <strong>laufende Kosten zu minimieren<\/strong>.<\/p>\n<p>Die Gemeinde ist nach wie vor <strong>schuldenfrei im Kernhaushalt<\/strong> und das <strong>Sparbuch<\/strong> ist mit <strong>27 Mio. EUR<\/strong>\u00a0noch gut gef\u00fcllt &#8211; doch stehen auch einige <strong>Investitionen<\/strong> ins Haus, die das S\u00e4ckel schnell schmelzen lassen werden!<\/p>\n<p>Die <strong>Geb\u00fchrenhaushalte<\/strong> bei den Eigenbetrieben <strong>Wasserversorgung<\/strong> und <strong>Abwasserbeseitigung<\/strong> konnten auch\u00a0<strong>stabil<\/strong> gehalten werden.<\/p>\n<p>Seit 01.01.2014 hat die Gemeinde auf das <strong>Neue Kommunale Haushalts- und Kassenrecht<\/strong> umgestellt und hat damit neben einer doppischen, kaufm\u00e4nnischen Buchf\u00fchrung auch die anfallenden <strong>Abschreibungen<\/strong> z.B. auf Investitionen zu<strong> erwirtschaften<\/strong>. Alleine dieser Betrag macht etwa 1,2 Mio. EUR im Jahr aus. Im Gegensatz zur Privatwirtschaft sind allerdings die &#8222;<strong>Preise<\/strong>&#8222;, die die Gemeinde meist in Form von <strong>Geb\u00fchren<\/strong> verlangt, politisch festgelegt und nicht der Gewinnerzielungsabsicht unterworfen und <strong>in den seltensten F\u00e4llen kostendeckend<\/strong>.<\/p>\n<p>Derzeit sind bereit einige <strong>Investitionen<\/strong> angelaufen (<strong>Kita H\u00e4lde: 2,5 Mio. EUR, Feuerwehrger\u00e4tehaus 3,5 Mio. EUR<\/strong>) bzw. noch in der Planung:<br \/>\n&#8211; <strong>Bau von Asylbewerber-\/Obdachlosenunterk\u00fcnfte: 1 Mio. EUR<\/strong><br \/>\n<strong>&#8211; Erwerb einer neuen Drehleiter f\u00fcr die Feuerwehr: 0.5 Mio EUR<\/strong><br \/>\n<strong>&#8211; Neubau Bauhof: 3 Mio. EUR<\/strong><br \/>\n<strong>&#8211; Neubau Kita Laurentiusstra\u00dfe: 3 Mio. EUR<\/strong><br \/>\n<strong>&#8211; Stra\u00dfenbau (Seestra\u00dfe, Falkenstra\u00dfe, Saarstra\u00dfe): 1.4 Mio. EUR<\/strong><br \/>\n<strong>&#8211; Sanierung Glemstalschule: 4 Mio. EUR<\/strong><\/p>\n<p>Damit sind bereits jetzt Investitionen von knapp <strong>19 Mio. EUR im Haushaltsplan bzw. in den Finanzpl\u00e4nen<\/strong> der Gemeinde zu finden.<\/p>\n<p>Hinzu kommt, dass es in diesem Jahr auf jeden Fall einen Abmangel geben wird, der auch aus der Liquidit\u00e4t gedeckt werden muss. Im <strong>Haushaltsplan 2017<\/strong> wird von einem <strong>Abmangel von 4 Mio. EUR<\/strong> ausgegangen. Dies aber unter der Pr\u00e4misse, dass 4 Mio. EUR Gewerbesteuern eingenommen werden k\u00f6nnen. Derzeit stehen wir bei veranlagten 2 Mio. EUR&#8230;<\/p>\n<p><strong>Die Zeiten werden rauer &#8211; und nicht alle W\u00fcnsche werden immer auf einmal erf\u00fcllt werden k\u00f6nnen!<\/strong><\/p>\n<hr \/>\n<p><strong>Um Ihre &#8222;W\u00fcnsche&#8220; k\u00fcmmere ich mich mit allen Mitarbeitern in der Gemeindeverwaltung, in den Kinderbetreuungseinrichtungen, im Bauhof, Jugendhaus, der Bibliothek und der Schule.<\/strong><\/p>\n<p>Gerade im Bereich der<strong> Kinderbetreuung<\/strong> wurde durch den Rechtsanspruch der Betreuung U3 und vorgegebenen Personalschl\u00fcsseln sehr viel Personal in den vergangenen Jahren eingestellt und konnte bei einem umk\u00e4mpften Markte gl\u00fccklicherweise auch akquiriert werden. <strong>Hemmingen<\/strong> hat hier einen <strong>guten Ruf als Arbeitgeber<\/strong>\u00a0und deshalb wenige Vakanzen.<\/p>\n<p><img loading=\"lazy\" class=\" wp-image-316 alignleft\" src=\"http:\/\/bmwahl.thomas-schaefer.de\/wp-content\/uploads\/2017\/09\/Neues-Fahrzeug-Doppelkabiner-Mercedes-Sprinter-LB-HE-88-300x169.jpg\" alt=\"\" width=\"359\" height=\"202\" srcset=\"http:\/\/bmwahl.thomas-schaefer.de\/wp-content\/uploads\/2017\/09\/Neues-Fahrzeug-Doppelkabiner-Mercedes-Sprinter-LB-HE-88-300x169.jpg 300w, http:\/\/bmwahl.thomas-schaefer.de\/wp-content\/uploads\/2017\/09\/Neues-Fahrzeug-Doppelkabiner-Mercedes-Sprinter-LB-HE-88-768x432.jpg 768w, http:\/\/bmwahl.thomas-schaefer.de\/wp-content\/uploads\/2017\/09\/Neues-Fahrzeug-Doppelkabiner-Mercedes-Sprinter-LB-HE-88.jpg 1024w\" sizes=\"(max-width: 359px) 100vw, 359px\" \/>Ansonsten versuchen wir, mit einem m\u00f6glichst <strong>schlanken Verwaltungsaufbau<\/strong> und <strong>flachen Hierarchien<\/strong> allen Anforderungen gerecht zu werden, die das &#8222;<strong>Projekt: Gemeinde<\/strong>&#8220; jeden Tag abverlangt.<\/p>\n<p><strong>Der B\u00fcrgermeister kann nur im Zusammenwirken mit dem Gemeinderat und mit den Mitarbeitern auf dem Rathaus und in den Au\u00dfenstellen die Dinge bewerkstelligen und den Service anbieten, den der B\u00fcrger einfordert.<\/strong><br \/>\n<strong><br \/>\nDeshalb an dieser Stellen auch ein gro\u00dfes Dankesch\u00f6n f\u00fcr die Zusammenarbeit seit meinem Start hier in Hemmingen!<\/strong><\/p>\n<hr \/>\n<p>Ein vielfacher Wunsch war es in der Vergangenheit auch, im Hemminger Schloss der Freiherren von Varnb\u00fcler heiraten zu k\u00f6nnen. Durch die Bestellung von insgesamt 4 Standesbeamten und mir als Eheschlie\u00dfungsstandesbeamten war es dann auch 2011 m\u00f6glich, den vielfachen Anfragen statt zu geben und auch f\u00fcr mehr Ausw\u00e4rtige die Eheschlie\u00dfung in Hemmingen zu erm\u00f6glichen.<br \/>\n2014 wurde dann zum ersten Mal die magische Zahl der 100 Eheschlie\u00dfungen \u00fcbertroffen. In den Jahren 2015 waren es dann sogar 115, 2016 gar 128 Eheschlie\u00dfungen. Damit wurde &#8222;<strong>Heiraten im Varnb\u00fcler&#8217;schen Schloss<\/strong>&#8220; zu einem richtigen Hemminger Markenzeichen mit einer gewissen Strahlkraft nach au\u00dfen.<\/p>\n<p><img loading=\"lazy\" class=\"alignnone size-medium wp-image-242\" src=\"http:\/\/bmwahl.thomas-schaefer.de\/wp-content\/uploads\/2017\/09\/IMG_20150516_121609-300x225.jpg\" alt=\"\" width=\"300\" height=\"225\" srcset=\"http:\/\/bmwahl.thomas-schaefer.de\/wp-content\/uploads\/2017\/09\/IMG_20150516_121609-300x225.jpg 300w, http:\/\/bmwahl.thomas-schaefer.de\/wp-content\/uploads\/2017\/09\/IMG_20150516_121609-768x576.jpg 768w, http:\/\/bmwahl.thomas-schaefer.de\/wp-content\/uploads\/2017\/09\/IMG_20150516_121609-1024x768.jpg 1024w\" sizes=\"(max-width: 300px) 100vw, 300px\" \/> <img loading=\"lazy\" class=\"alignnone size-medium wp-image-300\" src=\"http:\/\/bmwahl.thomas-schaefer.de\/wp-content\/uploads\/2017\/09\/Trauzimmer1-300x225.jpg\" alt=\"\" width=\"300\" height=\"225\" srcset=\"http:\/\/bmwahl.thomas-schaefer.de\/wp-content\/uploads\/2017\/09\/Trauzimmer1-300x225.jpg 300w, http:\/\/bmwahl.thomas-schaefer.de\/wp-content\/uploads\/2017\/09\/Trauzimmer1-768x576.jpg 768w, http:\/\/bmwahl.thomas-schaefer.de\/wp-content\/uploads\/2017\/09\/Trauzimmer1-1024x768.jpg 1024w, http:\/\/bmwahl.thomas-schaefer.de\/wp-content\/uploads\/2017\/09\/Trauzimmer1.jpg 1600w\" sizes=\"(max-width: 300px) 100vw, 300px\" \/><\/p>\n\n<div class=\"twitter-share\"><a href=\"https:\/\/twitter.com\/intent\/tweet?via=dotcomtomde\" class=\"twitter-share-button\">Twittern<\/a><\/div>\n","protected":false},"excerpt":{"rendered":"<p>Die Gemeinde Hemmingen ist finanziell immer noch gut aufgestellt &#8211; ABER: Die Zeiten von stattlichen Gewerbesteuerzahlungen haben sich leider grundlegend ge\u00e4ndert. Durch den Wechsel in der Eigent\u00fcmer-Struktur bezahlt der vormals gr\u00f6\u00dfte Gewerbesteuerzahler seine Steuern gro\u00dfteils mittlerweile woanders und der Anteil<\/p>\n","protected":false},"author":1,"featured_media":0,"parent":0,"menu_order":0,"comment_status":"closed","ping_status":"closed","template":"","meta":[],"_links":{"self":[{"href":"http:\/\/bmwahl.thomas-schaefer.de\/index.php?rest_route=\/wp\/v2\/pages\/177"}],"collection":[{"href":"http:\/\/bmwahl.thomas-schaefer.de\/index.php?rest_route=\/wp\/v2\/pages"}],"about":[{"href":"http:\/\/bmwahl.thomas-schaefer.de\/index.php?rest_route=\/wp\/v2\/types\/page"}],"author":[{"embeddable":true,"href":"http:\/\/bmwahl.thomas-schaefer.de\/index.php?rest_route=\/wp\/v2\/users\/1"}],"replies":[{"embeddable":true,"href":"http:\/\/bmwahl.thomas-schaefer.de\/index.php?rest_route=%2Fwp%2Fv2%2Fcomments&post=177"}],"version-history":[{"count":10,"href":"http:\/\/bmwahl.thomas-schaefer.de\/index.php?rest_route=\/wp\/v2\/pages\/177\/revisions"}],"predecessor-version":[{"id":494,"href":"http:\/\/bmwahl.thomas-schaefer.de\/index.php?rest_route=\/wp\/v2\/pages\/177\/revisions\/494"}],"wp:attachment":[{"href":"http:\/\/bmwahl.thomas-schaefer.de\/index.php?rest_route=%2Fwp%2Fv2%2Fmedia&parent=177"}],"curies":[{"name":"wp","href":"https:\/\/api.w.org\/{rel}","templated":true}]}}